{"id":2983,"date":"2025-08-30T12:18:24","date_gmt":"2025-08-30T15:18:24","guid":{"rendered":"https:\/\/corvim.com.ar\/?post_type=product&#038;p=2983"},"modified":"2025-09-16T12:21:02","modified_gmt":"2025-09-16T15:21:02","slug":"hidroesmalte-epoxi-sinteplast","status":"publish","type":"product","link":"https:\/\/corvim.com.ar\/index.php\/product\/hidroesmalte-epoxi-sinteplast\/","title":{"rendered":"HIDROESMALTE EPOXI SINTEPLAST"},"content":{"rendered":"","protected":false},"excerpt":{"rendered":"<p>Esmalte acr\u00edlico &#8211; epoxi pre catalizado base agua de acabado satinado para aplicar sobre superficies cer\u00e1micas, azulejos, vidrios. Adecuado tambi\u00e9n para otras superficies como yeso y mamposter\u00eda, metal. Excelente cubritivo y adherencia, alta resistencia a la humedad, el ensuciamiento y el desarrollo de hongos. Apta para uso interior y exterior. Presentaci\u00f3n: 1 y 4 lts. Color: Blanco<\/p>\n","protected":false},"featured_media":2993,"template":"","meta":[],"product_brand":[],"product_cat":[134],"product_tag":[],"class_list":{"0":"post-2983","1":"product","2":"type-product","3":"status-publish","4":"has-post-thumbnail","6":"product_cat-otros-productos-linea-industria-autos","8":"first","9":"instock","10":"shipping-taxable","11":"purchasable","12":"product-type-variable"},"aioseo_notices":[],"yoast_head":"<!-- This site is optimized with the Yoast SEO plugin v27.5 - https:\/\/yoast.com\/product\/yoast-seo-wordpress\/ -->\n<title>HIDROESMALTE EPOXI SINTEPLAST - corvim.com.ar<\/title>\n<meta name=\"robots\" content=\"index, follow, max-snippet:-1, max-image-preview:large, max-video-preview:-1\" \/>\n<link rel=\"canonical\" href=\"https:\/\/corvim.com.ar\/index.php\/product\/hidroesmalte-epoxi-sinteplast\/\" \/>\n<meta property=\"og:locale\" content=\"es_ES\" \/>\n<meta property=\"og:type\" content=\"article\" \/>\n<meta property=\"og:title\" content=\"HIDROESMALTE EPOXI SINTEPLAST - corvim.com.ar\" \/>\n<meta property=\"og:description\" content=\"Esmalte acr\u00edlico - epoxi pre catalizado base agua de acabado satinado para aplicar sobre superficies cer\u00e1micas, azulejos, vidrios. Adecuado tambi\u00e9n para otras superficies como yeso y mamposter\u00eda, metal. Excelente cubritivo y adherencia, alta resistencia a la humedad, el ensuciamiento y el desarrollo de hongos. Apta para uso interior y exterior. Presentaci\u00f3n: 1 y 4 lts. Color: Blanco\" \/>\n<meta property=\"og:url\" content=\"https:\/\/corvim.com.ar\/index.php\/product\/hidroesmalte-epoxi-sinteplast\/\" \/>\n<meta property=\"og:site_name\" content=\"corvim.com.ar\" \/>\n<meta property=\"article:modified_time\" content=\"2025-09-16T15:21:02+00:00\" \/>\n<meta property=\"og:image\" content=\"http:\/\/corvim.com.ar\/wp-content\/uploads\/2025\/08\/Diseno-sin-titulo-5.png\" \/>\n\t<meta property=\"og:image:width\" content=\"1080\" \/>\n\t<meta property=\"og:image:height\" content=\"1080\" \/>\n\t<meta property=\"og:image:type\" content=\"image\/png\" \/>\n<meta name=\"twitter:card\" content=\"summary_large_image\" \/>\n<meta name=\"twitter:label1\" content=\"Tiempo de lectura\" \/>\n\t<meta name=\"twitter:data1\" content=\"1 minuto\" \/>\n<script type=\"application\/ld+json\" class=\"yoast-schema-graph\">{\"@context\":\"https:\\\/\\\/schema.org\",\"@graph\":[{\"@type\":\"WebPage\",\"@id\":\"https:\\\/\\\/corvim.com.ar\\\/index.php\\\/product\\\/hidroesmalte-epoxi-sinteplast\\\/\",\"url\":\"https:\\\/\\\/corvim.com.ar\\\/index.php\\\/product\\\/hidroesmalte-epoxi-sinteplast\\\/\",\"name\":\"HIDROESMALTE EPOXI SINTEPLAST - corvim.com.ar\",\"isPartOf\":{\"@id\":\"https:\\\/\\\/corvim.com.ar\\\/#website\"},\"primaryImageOfPage\":{\"@id\":\"https:\\\/\\\/corvim.com.ar\\\/index.php\\\/product\\\/hidroesmalte-epoxi-sinteplast\\\/#primaryimage\"},\"image\":{\"@id\":\"https:\\\/\\\/corvim.com.ar\\\/index.php\\\/product\\\/hidroesmalte-epoxi-sinteplast\\\/#primaryimage\"},\"thumbnailUrl\":\"https:\\\/\\\/corvim.com.ar\\\/wp-content\\\/uploads\\\/2025\\\/08\\\/Diseno-sin-titulo-5.png\",\"datePublished\":\"2025-08-30T15:18:24+00:00\",\"dateModified\":\"2025-09-16T15:21:02+00:00\",\"breadcrumb\":{\"@id\":\"https:\\\/\\\/corvim.com.ar\\\/index.php\\\/product\\\/hidroesmalte-epoxi-sinteplast\\\/#breadcrumb\"},\"inLanguage\":\"es\",\"potentialAction\":[{\"@type\":\"ReadAction\",\"target\":[\"https:\\\/\\\/corvim.com.ar\\\/index.php\\\/product\\\/hidroesmalte-epoxi-sinteplast\\\/\"]}]},{\"@type\":\"ImageObject\",\"inLanguage\":\"es\",\"@id\":\"https:\\\/\\\/corvim.com.ar\\\/index.php\\\/product\\\/hidroesmalte-epoxi-sinteplast\\\/#primaryimage\",\"url\":\"https:\\\/\\\/corvim.com.ar\\\/wp-content\\\/uploads\\\/2025\\\/08\\\/Diseno-sin-titulo-5.png\",\"contentUrl\":\"https:\\\/\\\/corvim.com.ar\\\/wp-content\\\/uploads\\\/2025\\\/08\\\/Diseno-sin-titulo-5.png\",\"width\":1080,\"height\":1080},{\"@type\":\"BreadcrumbList\",\"@id\":\"https:\\\/\\\/corvim.com.ar\\\/index.php\\\/product\\\/hidroesmalte-epoxi-sinteplast\\\/#breadcrumb\",\"itemListElement\":[{\"@type\":\"ListItem\",\"position\":1,\"name\":\"Portada\",\"item\":\"https:\\\/\\\/corvim.com.ar\\\/\"},{\"@type\":\"ListItem\",\"position\":2,\"name\":\"Productos\",\"item\":\"https:\\\/\\\/corvim.com.ar\\\/index.php\\\/shop\\\/\"},{\"@type\":\"ListItem\",\"position\":3,\"name\":\"HIDROESMALTE EPOXI SINTEPLAST\"}]},{\"@type\":\"WebSite\",\"@id\":\"https:\\\/\\\/corvim.com.ar\\\/#website\",\"url\":\"https:\\\/\\\/corvim.com.ar\\\/\",\"name\":\"corvim.com.ar\",\"description\":\"\",\"publisher\":{\"@id\":\"https:\\\/\\\/corvim.com.ar\\\/#organization\"},\"potentialAction\":[{\"@type\":\"SearchAction\",\"target\":{\"@type\":\"EntryPoint\",\"urlTemplate\":\"https:\\\/\\\/corvim.com.ar\\\/?s={search_term_string}\"},\"query-input\":{\"@type\":\"PropertyValueSpecification\",\"valueRequired\":true,\"valueName\":\"search_term_string\"}}],\"inLanguage\":\"es\"},{\"@type\":\"Organization\",\"@id\":\"https:\\\/\\\/corvim.com.ar\\\/#organization\",\"name\":\"corvim.com.ar\",\"url\":\"https:\\\/\\\/corvim.com.ar\\\/\",\"logo\":{\"@type\":\"ImageObject\",\"inLanguage\":\"es\",\"@id\":\"https:\\\/\\\/corvim.com.ar\\\/#\\\/schema\\\/logo\\\/image\\\/\",\"url\":\"https:\\\/\\\/corvim.com.ar\\\/wp-content\\\/uploads\\\/2025\\\/06\\\/cropped-logo-corvim.jpg\",\"contentUrl\":\"https:\\\/\\\/corvim.com.ar\\\/wp-content\\\/uploads\\\/2025\\\/06\\\/cropped-logo-corvim.jpg\",\"width\":165,\"height\":84,\"caption\":\"corvim.com.ar\"},\"image\":{\"@id\":\"https:\\\/\\\/corvim.com.ar\\\/#\\\/schema\\\/logo\\\/image\\\/\"}}]}<\/script>\n<!-- \/ Yoast SEO plugin. -->","yoast_head_json":{"title":"HIDROESMALTE EPOXI SINTEPLAST - corvim.com.ar","robots":{"index":"index","follow":"follow","max-snippet":"max-snippet:-1","max-image-preview":"max-image-preview:large","max-video-preview":"max-video-preview:-1"},"canonical":"https:\/\/corvim.com.ar\/index.php\/product\/hidroesmalte-epoxi-sinteplast\/","og_locale":"es_ES","og_type":"article","og_title":"HIDROESMALTE EPOXI SINTEPLAST - corvim.com.ar","og_description":"Esmalte acr\u00edlico - epoxi pre catalizado base agua de acabado satinado para aplicar sobre superficies cer\u00e1micas, azulejos, vidrios. Adecuado tambi\u00e9n para otras superficies como yeso y mamposter\u00eda, metal. Excelente cubritivo y adherencia, alta resistencia a la humedad, el ensuciamiento y el desarrollo de hongos. Apta para uso interior y exterior. Presentaci\u00f3n: 1 y 4 lts. Color: Blanco","og_url":"https:\/\/corvim.com.ar\/index.php\/product\/hidroesmalte-epoxi-sinteplast\/","og_site_name":"corvim.com.ar","article_modified_time":"2025-09-16T15:21:02+00:00","og_image":[{"width":1080,"height":1080,"url":"http:\/\/corvim.com.ar\/wp-content\/uploads\/2025\/08\/Diseno-sin-titulo-5.png","type":"image\/png"}],"twitter_card":"summary_large_image","twitter_misc":{"Tiempo de lectura":"1 minuto"},"schema":{"@context":"https:\/\/schema.org","@graph":[{"@type":"WebPage","@id":"https:\/\/corvim.com.ar\/index.php\/product\/hidroesmalte-epoxi-sinteplast\/","url":"https:\/\/corvim.com.ar\/index.php\/product\/hidroesmalte-epoxi-sinteplast\/","name":"HIDROESMALTE EPOXI SINTEPLAST - corvim.com.ar","isPartOf":{"@id":"https:\/\/corvim.com.ar\/#website"},"primaryImageOfPage":{"@id":"https:\/\/corvim.com.ar\/index.php\/product\/hidroesmalte-epoxi-sinteplast\/#primaryimage"},"image":{"@id":"https:\/\/corvim.com.ar\/index.php\/product\/hidroesmalte-epoxi-sinteplast\/#primaryimage"},"thumbnailUrl":"https:\/\/corvim.com.ar\/wp-content\/uploads\/2025\/08\/Diseno-sin-titulo-5.png","datePublished":"2025-08-30T15:18:24+00:00","dateModified":"2025-09-16T15:21:02+00:00","breadcrumb":{"@id":"https:\/\/corvim.com.ar\/index.php\/product\/hidroesmalte-epoxi-sinteplast\/#breadcrumb"},"inLanguage":"es","potentialAction":[{"@type":"ReadAction","target":["https:\/\/corvim.com.ar\/index.php\/product\/hidroesmalte-epoxi-sinteplast\/"]}]},{"@type":"ImageObject","inLanguage":"es","@id":"https:\/\/corvim.com.ar\/index.php\/product\/hidroesmalte-epoxi-sinteplast\/#primaryimage","url":"https:\/\/corvim.com.ar\/wp-content\/uploads\/2025\/08\/Diseno-sin-titulo-5.png","contentUrl":"https:\/\/corvim.com.ar\/wp-content\/uploads\/2025\/08\/Diseno-sin-titulo-5.png","width":1080,"height":1080},{"@type":"BreadcrumbList","@id":"https:\/\/corvim.com.ar\/index.php\/product\/hidroesmalte-epoxi-sinteplast\/#breadcrumb","itemListElement":[{"@type":"ListItem","position":1,"name":"Portada","item":"https:\/\/corvim.com.ar\/"},{"@type":"ListItem","position":2,"name":"Productos","item":"https:\/\/corvim.com.ar\/index.php\/shop\/"},{"@type":"ListItem","position":3,"name":"HIDROESMALTE EPOXI SINTEPLAST"}]},{"@type":"WebSite","@id":"https:\/\/corvim.com.ar\/#website","url":"https:\/\/corvim.com.ar\/","name":"corvim.com.ar","description":"","publisher":{"@id":"https:\/\/corvim.com.ar\/#organization"},"potentialAction":[{"@type":"SearchAction","target":{"@type":"EntryPoint","urlTemplate":"https:\/\/corvim.com.ar\/?s={search_term_string}"},"query-input":{"@type":"PropertyValueSpecification","valueRequired":true,"valueName":"search_term_string"}}],"inLanguage":"es"},{"@type":"Organization","@id":"https:\/\/corvim.com.ar\/#organization","name":"corvim.com.ar","url":"https:\/\/corvim.com.ar\/","logo":{"@type":"ImageObject","inLanguage":"es","@id":"https:\/\/corvim.com.ar\/#\/schema\/logo\/image\/","url":"https:\/\/corvim.com.ar\/wp-content\/uploads\/2025\/06\/cropped-logo-corvim.jpg","contentUrl":"https:\/\/corvim.com.ar\/wp-content\/uploads\/2025\/06\/cropped-logo-corvim.jpg","width":165,"height":84,"caption":"corvim.com.ar"},"image":{"@id":"https:\/\/corvim.com.ar\/#\/schema\/logo\/image\/"}}]}},"_links":{"self":[{"href":"https:\/\/corvim.com.ar\/index.php\/wp-json\/wp\/v2\/product\/2983","targetHints":{"allow":["GET"]}}],"collection":[{"href":"https:\/\/corvim.com.ar\/index.php\/wp-json\/wp\/v2\/product"}],"about":[{"href":"https:\/\/corvim.com.ar\/index.php\/wp-json\/wp\/v2\/types\/product"}],"version-history":[{"count":3,"href":"https:\/\/corvim.com.ar\/index.php\/wp-json\/wp\/v2\/product\/2983\/revisions"}],"predecessor-version":[{"id":3400,"href":"https:\/\/corvim.com.ar\/index.php\/wp-json\/wp\/v2\/product\/2983\/revisions\/3400"}],"wp:featuredmedia":[{"embeddable":true,"href":"https:\/\/corvim.com.ar\/index.php\/wp-json\/wp\/v2\/media\/2993"}],"wp:attachment":[{"href":"https:\/\/corvim.com.ar\/index.php\/wp-json\/wp\/v2\/media?parent=2983"}],"wp:term":[{"taxonomy":"product_brand","embeddable":true,"href":"https:\/\/corvim.com.ar\/index.php\/wp-json\/wp\/v2\/product_brand?post=2983"},{"taxonomy":"product_cat","embeddable":true,"href":"https:\/\/corvim.com.ar\/index.php\/wp-json\/wp\/v2\/product_cat?post=2983"},{"taxonomy":"product_tag","embeddable":true,"href":"https:\/\/corvim.com.ar\/index.php\/wp-json\/wp\/v2\/product_tag?post=2983"}],"curies":[{"name":"wp","href":"https:\/\/api.w.org\/{rel}","templated":true}]}}