{"id":29,"date":"2021-10-21T18:31:09","date_gmt":"2021-10-21T21:31:09","guid":{"rendered":"https:\/\/corvim.com.ar\/?post_type=product&#038;p=29"},"modified":"2025-09-07T17:56:18","modified_gmt":"2025-09-07T20:56:18","slug":"revestimiento-plastico-recuplast-estuco-veneciano-4-lts","status":"publish","type":"product","link":"https:\/\/corvim.com.ar\/index.php\/product\/revestimiento-plastico-recuplast-estuco-veneciano-4-lts\/","title":{"rendered":"REVESTIMIENTO PLASTICO SINTEPLAST ESTUCO VENECIANO"},"content":{"rendered":"","protected":false},"excerpt":{"rendered":"<p>Revestimiento decorativo de acabado s\u00edmil m\u00e1rmol para interiores. Aplicado siguiendo la t\u00e9cnica adecuada, permite lograr terminaciones que recuerdan las que realizaban los artesanos decoradores de la Venecia de los siglos pasados. Amplia variedad de colores disponibles a trav\u00e9s del Sistema Tintom\u00e9trico. Presentaci\u00f3n: 4 lts.<\/p>\n<p>&nbsp;<\/p>\n","protected":false},"featured_media":2886,"template":"","meta":[],"product_brand":[],"product_cat":[46],"product_tag":[98],"class_list":{"0":"post-29","1":"product","2":"type-product","3":"status-publish","4":"has-post-thumbnail","6":"product_cat-revestimiento-plastico","7":"product_tag-recuplast-sinteplast","9":"first","10":"instock","11":"shipping-taxable","12":"purchasable","13":"product-type-simple"},"aioseo_notices":[],"yoast_head":"<!-- This site is optimized with the Yoast SEO plugin v27.5 - https:\/\/yoast.com\/product\/yoast-seo-wordpress\/ -->\n<title>REVESTIMIENTO PLASTICO SINTEPLAST ESTUCO VENECIANO - corvim.com.ar<\/title>\n<meta name=\"robots\" content=\"index, follow, max-snippet:-1, max-image-preview:large, max-video-preview:-1\" \/>\n<link rel=\"canonical\" href=\"https:\/\/corvim.com.ar\/index.php\/product\/revestimiento-plastico-recuplast-estuco-veneciano-4-lts\/\" \/>\n<meta property=\"og:locale\" content=\"es_ES\" \/>\n<meta property=\"og:type\" content=\"article\" \/>\n<meta property=\"og:title\" content=\"REVESTIMIENTO PLASTICO SINTEPLAST ESTUCO VENECIANO - corvim.com.ar\" \/>\n<meta property=\"og:description\" content=\"Revestimiento decorativo de acabado s\u00edmil m\u00e1rmol para interiores. Aplicado siguiendo la t\u00e9cnica adecuada, permite lograr terminaciones que recuerdan las que realizaban los artesanos decoradores de la Venecia de los siglos pasados. Amplia variedad de colores disponibles a trav\u00e9s del Sistema Tintom\u00e9trico. Presentaci\u00f3n: 4 lts.  &nbsp;\" \/>\n<meta property=\"og:url\" content=\"https:\/\/corvim.com.ar\/index.php\/product\/revestimiento-plastico-recuplast-estuco-veneciano-4-lts\/\" \/>\n<meta property=\"og:site_name\" content=\"corvim.com.ar\" \/>\n<meta property=\"article:modified_time\" content=\"2025-09-07T20:56:18+00:00\" \/>\n<meta property=\"og:image\" content=\"http:\/\/corvim.com.ar\/wp-content\/uploads\/2021\/10\/revestimiento-estucoPhotoroom-66.jpg\" \/>\n\t<meta property=\"og:image:width\" content=\"600\" \/>\n\t<meta property=\"og:image:height\" content=\"592\" \/>\n\t<meta property=\"og:image:type\" content=\"image\/jpeg\" \/>\n<meta name=\"twitter:card\" content=\"summary_large_image\" \/>\n<meta name=\"twitter:label1\" content=\"Tiempo de lectura\" \/>\n\t<meta name=\"twitter:data1\" content=\"1 minuto\" \/>\n<script type=\"application\/ld+json\" class=\"yoast-schema-graph\">{\"@context\":\"https:\\\/\\\/schema.org\",\"@graph\":[{\"@type\":\"WebPage\",\"@id\":\"https:\\\/\\\/corvim.com.ar\\\/index.php\\\/product\\\/revestimiento-plastico-recuplast-estuco-veneciano-4-lts\\\/\",\"url\":\"https:\\\/\\\/corvim.com.ar\\\/index.php\\\/product\\\/revestimiento-plastico-recuplast-estuco-veneciano-4-lts\\\/\",\"name\":\"REVESTIMIENTO PLASTICO SINTEPLAST ESTUCO VENECIANO - corvim.com.ar\",\"isPartOf\":{\"@id\":\"https:\\\/\\\/corvim.com.ar\\\/#website\"},\"primaryImageOfPage\":{\"@id\":\"https:\\\/\\\/corvim.com.ar\\\/index.php\\\/product\\\/revestimiento-plastico-recuplast-estuco-veneciano-4-lts\\\/#primaryimage\"},\"image\":{\"@id\":\"https:\\\/\\\/corvim.com.ar\\\/index.php\\\/product\\\/revestimiento-plastico-recuplast-estuco-veneciano-4-lts\\\/#primaryimage\"},\"thumbnailUrl\":\"https:\\\/\\\/corvim.com.ar\\\/wp-content\\\/uploads\\\/2021\\\/10\\\/revestimiento-estucoPhotoroom-66.jpg\",\"datePublished\":\"2021-10-21T21:31:09+00:00\",\"dateModified\":\"2025-09-07T20:56:18+00:00\",\"breadcrumb\":{\"@id\":\"https:\\\/\\\/corvim.com.ar\\\/index.php\\\/product\\\/revestimiento-plastico-recuplast-estuco-veneciano-4-lts\\\/#breadcrumb\"},\"inLanguage\":\"es\",\"potentialAction\":[{\"@type\":\"ReadAction\",\"target\":[\"https:\\\/\\\/corvim.com.ar\\\/index.php\\\/product\\\/revestimiento-plastico-recuplast-estuco-veneciano-4-lts\\\/\"]}]},{\"@type\":\"ImageObject\",\"inLanguage\":\"es\",\"@id\":\"https:\\\/\\\/corvim.com.ar\\\/index.php\\\/product\\\/revestimiento-plastico-recuplast-estuco-veneciano-4-lts\\\/#primaryimage\",\"url\":\"https:\\\/\\\/corvim.com.ar\\\/wp-content\\\/uploads\\\/2021\\\/10\\\/revestimiento-estucoPhotoroom-66.jpg\",\"contentUrl\":\"https:\\\/\\\/corvim.com.ar\\\/wp-content\\\/uploads\\\/2021\\\/10\\\/revestimiento-estucoPhotoroom-66.jpg\",\"width\":600,\"height\":592},{\"@type\":\"BreadcrumbList\",\"@id\":\"https:\\\/\\\/corvim.com.ar\\\/index.php\\\/product\\\/revestimiento-plastico-recuplast-estuco-veneciano-4-lts\\\/#breadcrumb\",\"itemListElement\":[{\"@type\":\"ListItem\",\"position\":1,\"name\":\"Portada\",\"item\":\"https:\\\/\\\/corvim.com.ar\\\/\"},{\"@type\":\"ListItem\",\"position\":2,\"name\":\"Productos\",\"item\":\"https:\\\/\\\/corvim.com.ar\\\/index.php\\\/shop\\\/\"},{\"@type\":\"ListItem\",\"position\":3,\"name\":\"REVESTIMIENTO PLASTICO SINTEPLAST ESTUCO VENECIANO\"}]},{\"@type\":\"WebSite\",\"@id\":\"https:\\\/\\\/corvim.com.ar\\\/#website\",\"url\":\"https:\\\/\\\/corvim.com.ar\\\/\",\"name\":\"corvim.com.ar\",\"description\":\"\",\"publisher\":{\"@id\":\"https:\\\/\\\/corvim.com.ar\\\/#organization\"},\"potentialAction\":[{\"@type\":\"SearchAction\",\"target\":{\"@type\":\"EntryPoint\",\"urlTemplate\":\"https:\\\/\\\/corvim.com.ar\\\/?s={search_term_string}\"},\"query-input\":{\"@type\":\"PropertyValueSpecification\",\"valueRequired\":true,\"valueName\":\"search_term_string\"}}],\"inLanguage\":\"es\"},{\"@type\":\"Organization\",\"@id\":\"https:\\\/\\\/corvim.com.ar\\\/#organization\",\"name\":\"corvim.com.ar\",\"url\":\"https:\\\/\\\/corvim.com.ar\\\/\",\"logo\":{\"@type\":\"ImageObject\",\"inLanguage\":\"es\",\"@id\":\"https:\\\/\\\/corvim.com.ar\\\/#\\\/schema\\\/logo\\\/image\\\/\",\"url\":\"https:\\\/\\\/corvim.com.ar\\\/wp-content\\\/uploads\\\/2025\\\/06\\\/cropped-logo-corvim.jpg\",\"contentUrl\":\"https:\\\/\\\/corvim.com.ar\\\/wp-content\\\/uploads\\\/2025\\\/06\\\/cropped-logo-corvim.jpg\",\"width\":165,\"height\":84,\"caption\":\"corvim.com.ar\"},\"image\":{\"@id\":\"https:\\\/\\\/corvim.com.ar\\\/#\\\/schema\\\/logo\\\/image\\\/\"}}]}<\/script>\n<!-- \/ Yoast SEO plugin. -->","yoast_head_json":{"title":"REVESTIMIENTO PLASTICO SINTEPLAST ESTUCO VENECIANO - corvim.com.ar","robots":{"index":"index","follow":"follow","max-snippet":"max-snippet:-1","max-image-preview":"max-image-preview:large","max-video-preview":"max-video-preview:-1"},"canonical":"https:\/\/corvim.com.ar\/index.php\/product\/revestimiento-plastico-recuplast-estuco-veneciano-4-lts\/","og_locale":"es_ES","og_type":"article","og_title":"REVESTIMIENTO PLASTICO SINTEPLAST ESTUCO VENECIANO - corvim.com.ar","og_description":"Revestimiento decorativo de acabado s\u00edmil m\u00e1rmol para interiores. Aplicado siguiendo la t\u00e9cnica adecuada, permite lograr terminaciones que recuerdan las que realizaban los artesanos decoradores de la Venecia de los siglos pasados. Amplia variedad de colores disponibles a trav\u00e9s del Sistema Tintom\u00e9trico. Presentaci\u00f3n: 4 lts.  &nbsp;","og_url":"https:\/\/corvim.com.ar\/index.php\/product\/revestimiento-plastico-recuplast-estuco-veneciano-4-lts\/","og_site_name":"corvim.com.ar","article_modified_time":"2025-09-07T20:56:18+00:00","og_image":[{"width":600,"height":592,"url":"http:\/\/corvim.com.ar\/wp-content\/uploads\/2021\/10\/revestimiento-estucoPhotoroom-66.jpg","type":"image\/jpeg"}],"twitter_card":"summary_large_image","twitter_misc":{"Tiempo de lectura":"1 minuto"},"schema":{"@context":"https:\/\/schema.org","@graph":[{"@type":"WebPage","@id":"https:\/\/corvim.com.ar\/index.php\/product\/revestimiento-plastico-recuplast-estuco-veneciano-4-lts\/","url":"https:\/\/corvim.com.ar\/index.php\/product\/revestimiento-plastico-recuplast-estuco-veneciano-4-lts\/","name":"REVESTIMIENTO PLASTICO SINTEPLAST ESTUCO VENECIANO - corvim.com.ar","isPartOf":{"@id":"https:\/\/corvim.com.ar\/#website"},"primaryImageOfPage":{"@id":"https:\/\/corvim.com.ar\/index.php\/product\/revestimiento-plastico-recuplast-estuco-veneciano-4-lts\/#primaryimage"},"image":{"@id":"https:\/\/corvim.com.ar\/index.php\/product\/revestimiento-plastico-recuplast-estuco-veneciano-4-lts\/#primaryimage"},"thumbnailUrl":"https:\/\/corvim.com.ar\/wp-content\/uploads\/2021\/10\/revestimiento-estucoPhotoroom-66.jpg","datePublished":"2021-10-21T21:31:09+00:00","dateModified":"2025-09-07T20:56:18+00:00","breadcrumb":{"@id":"https:\/\/corvim.com.ar\/index.php\/product\/revestimiento-plastico-recuplast-estuco-veneciano-4-lts\/#breadcrumb"},"inLanguage":"es","potentialAction":[{"@type":"ReadAction","target":["https:\/\/corvim.com.ar\/index.php\/product\/revestimiento-plastico-recuplast-estuco-veneciano-4-lts\/"]}]},{"@type":"ImageObject","inLanguage":"es","@id":"https:\/\/corvim.com.ar\/index.php\/product\/revestimiento-plastico-recuplast-estuco-veneciano-4-lts\/#primaryimage","url":"https:\/\/corvim.com.ar\/wp-content\/uploads\/2021\/10\/revestimiento-estucoPhotoroom-66.jpg","contentUrl":"https:\/\/corvim.com.ar\/wp-content\/uploads\/2021\/10\/revestimiento-estucoPhotoroom-66.jpg","width":600,"height":592},{"@type":"BreadcrumbList","@id":"https:\/\/corvim.com.ar\/index.php\/product\/revestimiento-plastico-recuplast-estuco-veneciano-4-lts\/#breadcrumb","itemListElement":[{"@type":"ListItem","position":1,"name":"Portada","item":"https:\/\/corvim.com.ar\/"},{"@type":"ListItem","position":2,"name":"Productos","item":"https:\/\/corvim.com.ar\/index.php\/shop\/"},{"@type":"ListItem","position":3,"name":"REVESTIMIENTO PLASTICO SINTEPLAST ESTUCO VENECIANO"}]},{"@type":"WebSite","@id":"https:\/\/corvim.com.ar\/#website","url":"https:\/\/corvim.com.ar\/","name":"corvim.com.ar","description":"","publisher":{"@id":"https:\/\/corvim.com.ar\/#organization"},"potentialAction":[{"@type":"SearchAction","target":{"@type":"EntryPoint","urlTemplate":"https:\/\/corvim.com.ar\/?s={search_term_string}"},"query-input":{"@type":"PropertyValueSpecification","valueRequired":true,"valueName":"search_term_string"}}],"inLanguage":"es"},{"@type":"Organization","@id":"https:\/\/corvim.com.ar\/#organization","name":"corvim.com.ar","url":"https:\/\/corvim.com.ar\/","logo":{"@type":"ImageObject","inLanguage":"es","@id":"https:\/\/corvim.com.ar\/#\/schema\/logo\/image\/","url":"https:\/\/corvim.com.ar\/wp-content\/uploads\/2025\/06\/cropped-logo-corvim.jpg","contentUrl":"https:\/\/corvim.com.ar\/wp-content\/uploads\/2025\/06\/cropped-logo-corvim.jpg","width":165,"height":84,"caption":"corvim.com.ar"},"image":{"@id":"https:\/\/corvim.com.ar\/#\/schema\/logo\/image\/"}}]}},"_links":{"self":[{"href":"https:\/\/corvim.com.ar\/index.php\/wp-json\/wp\/v2\/product\/29","targetHints":{"allow":["GET"]}}],"collection":[{"href":"https:\/\/corvim.com.ar\/index.php\/wp-json\/wp\/v2\/product"}],"about":[{"href":"https:\/\/corvim.com.ar\/index.php\/wp-json\/wp\/v2\/types\/product"}],"version-history":[{"count":3,"href":"https:\/\/corvim.com.ar\/index.php\/wp-json\/wp\/v2\/product\/29\/revisions"}],"predecessor-version":[{"id":3101,"href":"https:\/\/corvim.com.ar\/index.php\/wp-json\/wp\/v2\/product\/29\/revisions\/3101"}],"wp:featuredmedia":[{"embeddable":true,"href":"https:\/\/corvim.com.ar\/index.php\/wp-json\/wp\/v2\/media\/2886"}],"wp:attachment":[{"href":"https:\/\/corvim.com.ar\/index.php\/wp-json\/wp\/v2\/media?parent=29"}],"wp:term":[{"taxonomy":"product_brand","embeddable":true,"href":"https:\/\/corvim.com.ar\/index.php\/wp-json\/wp\/v2\/product_brand?post=29"},{"taxonomy":"product_cat","embeddable":true,"href":"https:\/\/corvim.com.ar\/index.php\/wp-json\/wp\/v2\/product_cat?post=29"},{"taxonomy":"product_tag","embeddable":true,"href":"https:\/\/corvim.com.ar\/index.php\/wp-json\/wp\/v2\/product_tag?post=29"}],"curies":[{"name":"wp","href":"https:\/\/api.w.org\/{rel}","templated":true}]}}