{"id":1087,"date":"2021-11-24T15:12:35","date_gmt":"2021-11-24T18:12:35","guid":{"rendered":"https:\/\/corvim.com.ar\/?post_type=product&#038;p=1087"},"modified":"2025-09-18T11:46:31","modified_gmt":"2025-09-18T14:46:31","slug":"albafrent-frentes-y-muros-latex-exterior-alba-x-1-4-10-y-20-lts","status":"publish","type":"product","link":"https:\/\/corvim.com.ar\/index.php\/product\/albafrent-frentes-y-muros-latex-exterior-alba-x-1-4-10-y-20-lts\/","title":{"rendered":"LATEX ALBA EXTERIOR ALBAFRENT"},"content":{"rendered":"","protected":false},"excerpt":{"rendered":"<p>Impermeabilizante para Exteriores Mate. De buena elasticidad y protecci\u00f3n impermeabilizante. Excelente poder cubritivo e integridad de pel\u00edcula. Presentaci\u00f3n:\u00a0 4, 10 y 20 lts. Color blanco y tonalidades pasteles del sistema tintom\u00e9trico.<\/p>\n","protected":false},"featured_media":2732,"template":"","meta":[],"product_brand":[],"product_cat":[26],"product_tag":[125],"class_list":{"0":"post-1087","1":"product","2":"type-product","3":"status-publish","4":"has-post-thumbnail","6":"product_cat-latex","7":"product_tag-alba","9":"first","10":"instock","11":"shipping-taxable","12":"purchasable","13":"product-type-variable"},"aioseo_notices":[],"yoast_head":"<!-- This site is optimized with the Yoast SEO plugin v27.5 - https:\/\/yoast.com\/product\/yoast-seo-wordpress\/ -->\n<title>LATEX ALBA EXTERIOR ALBAFRENT - corvim.com.ar<\/title>\n<meta name=\"robots\" content=\"index, follow, max-snippet:-1, max-image-preview:large, max-video-preview:-1\" \/>\n<link rel=\"canonical\" href=\"https:\/\/corvim.com.ar\/index.php\/product\/albafrent-frentes-y-muros-latex-exterior-alba-x-1-4-10-y-20-lts\/\" \/>\n<meta property=\"og:locale\" content=\"es_ES\" \/>\n<meta property=\"og:type\" content=\"article\" \/>\n<meta property=\"og:title\" content=\"LATEX ALBA EXTERIOR ALBAFRENT - corvim.com.ar\" \/>\n<meta property=\"og:description\" content=\"Impermeabilizante para Exteriores Mate. De buena elasticidad y protecci\u00f3n impermeabilizante. Excelente poder cubritivo e integridad de pel\u00edcula. Presentaci\u00f3n:\u00a0 4, 10 y 20 lts. Color blanco y tonalidades pasteles del sistema tintom\u00e9trico.\" \/>\n<meta property=\"og:url\" content=\"https:\/\/corvim.com.ar\/index.php\/product\/albafrent-frentes-y-muros-latex-exterior-alba-x-1-4-10-y-20-lts\/\" \/>\n<meta property=\"og:site_name\" content=\"corvim.com.ar\" \/>\n<meta property=\"article:modified_time\" content=\"2025-09-18T14:46:31+00:00\" \/>\n<meta property=\"og:image\" content=\"http:\/\/corvim.com.ar\/wp-content\/uploads\/2021\/11\/albrafrent-grisPhotoroom-58.jpg\" \/>\n\t<meta property=\"og:image:width\" content=\"500\" \/>\n\t<meta property=\"og:image:height\" content=\"333\" \/>\n\t<meta property=\"og:image:type\" content=\"image\/jpeg\" \/>\n<meta name=\"twitter:card\" content=\"summary_large_image\" \/>\n<meta name=\"twitter:label1\" content=\"Tiempo de lectura\" \/>\n\t<meta name=\"twitter:data1\" content=\"1 minuto\" \/>\n<script type=\"application\/ld+json\" class=\"yoast-schema-graph\">{\"@context\":\"https:\\\/\\\/schema.org\",\"@graph\":[{\"@type\":\"WebPage\",\"@id\":\"https:\\\/\\\/corvim.com.ar\\\/index.php\\\/product\\\/albafrent-frentes-y-muros-latex-exterior-alba-x-1-4-10-y-20-lts\\\/\",\"url\":\"https:\\\/\\\/corvim.com.ar\\\/index.php\\\/product\\\/albafrent-frentes-y-muros-latex-exterior-alba-x-1-4-10-y-20-lts\\\/\",\"name\":\"LATEX ALBA EXTERIOR ALBAFRENT - corvim.com.ar\",\"isPartOf\":{\"@id\":\"https:\\\/\\\/corvim.com.ar\\\/#website\"},\"primaryImageOfPage\":{\"@id\":\"https:\\\/\\\/corvim.com.ar\\\/index.php\\\/product\\\/albafrent-frentes-y-muros-latex-exterior-alba-x-1-4-10-y-20-lts\\\/#primaryimage\"},\"image\":{\"@id\":\"https:\\\/\\\/corvim.com.ar\\\/index.php\\\/product\\\/albafrent-frentes-y-muros-latex-exterior-alba-x-1-4-10-y-20-lts\\\/#primaryimage\"},\"thumbnailUrl\":\"https:\\\/\\\/corvim.com.ar\\\/wp-content\\\/uploads\\\/2021\\\/11\\\/albrafrent-grisPhotoroom-58.jpg\",\"datePublished\":\"2021-11-24T18:12:35+00:00\",\"dateModified\":\"2025-09-18T14:46:31+00:00\",\"breadcrumb\":{\"@id\":\"https:\\\/\\\/corvim.com.ar\\\/index.php\\\/product\\\/albafrent-frentes-y-muros-latex-exterior-alba-x-1-4-10-y-20-lts\\\/#breadcrumb\"},\"inLanguage\":\"es\",\"potentialAction\":[{\"@type\":\"ReadAction\",\"target\":[\"https:\\\/\\\/corvim.com.ar\\\/index.php\\\/product\\\/albafrent-frentes-y-muros-latex-exterior-alba-x-1-4-10-y-20-lts\\\/\"]}]},{\"@type\":\"ImageObject\",\"inLanguage\":\"es\",\"@id\":\"https:\\\/\\\/corvim.com.ar\\\/index.php\\\/product\\\/albafrent-frentes-y-muros-latex-exterior-alba-x-1-4-10-y-20-lts\\\/#primaryimage\",\"url\":\"https:\\\/\\\/corvim.com.ar\\\/wp-content\\\/uploads\\\/2021\\\/11\\\/albrafrent-grisPhotoroom-58.jpg\",\"contentUrl\":\"https:\\\/\\\/corvim.com.ar\\\/wp-content\\\/uploads\\\/2021\\\/11\\\/albrafrent-grisPhotoroom-58.jpg\",\"width\":500,\"height\":333},{\"@type\":\"BreadcrumbList\",\"@id\":\"https:\\\/\\\/corvim.com.ar\\\/index.php\\\/product\\\/albafrent-frentes-y-muros-latex-exterior-alba-x-1-4-10-y-20-lts\\\/#breadcrumb\",\"itemListElement\":[{\"@type\":\"ListItem\",\"position\":1,\"name\":\"Portada\",\"item\":\"https:\\\/\\\/corvim.com.ar\\\/\"},{\"@type\":\"ListItem\",\"position\":2,\"name\":\"Productos\",\"item\":\"https:\\\/\\\/corvim.com.ar\\\/index.php\\\/shop\\\/\"},{\"@type\":\"ListItem\",\"position\":3,\"name\":\"LATEX ALBA EXTERIOR ALBAFRENT\"}]},{\"@type\":\"WebSite\",\"@id\":\"https:\\\/\\\/corvim.com.ar\\\/#website\",\"url\":\"https:\\\/\\\/corvim.com.ar\\\/\",\"name\":\"corvim.com.ar\",\"description\":\"\",\"publisher\":{\"@id\":\"https:\\\/\\\/corvim.com.ar\\\/#organization\"},\"potentialAction\":[{\"@type\":\"SearchAction\",\"target\":{\"@type\":\"EntryPoint\",\"urlTemplate\":\"https:\\\/\\\/corvim.com.ar\\\/?s={search_term_string}\"},\"query-input\":{\"@type\":\"PropertyValueSpecification\",\"valueRequired\":true,\"valueName\":\"search_term_string\"}}],\"inLanguage\":\"es\"},{\"@type\":\"Organization\",\"@id\":\"https:\\\/\\\/corvim.com.ar\\\/#organization\",\"name\":\"corvim.com.ar\",\"url\":\"https:\\\/\\\/corvim.com.ar\\\/\",\"logo\":{\"@type\":\"ImageObject\",\"inLanguage\":\"es\",\"@id\":\"https:\\\/\\\/corvim.com.ar\\\/#\\\/schema\\\/logo\\\/image\\\/\",\"url\":\"https:\\\/\\\/corvim.com.ar\\\/wp-content\\\/uploads\\\/2025\\\/06\\\/cropped-logo-corvim.jpg\",\"contentUrl\":\"https:\\\/\\\/corvim.com.ar\\\/wp-content\\\/uploads\\\/2025\\\/06\\\/cropped-logo-corvim.jpg\",\"width\":165,\"height\":84,\"caption\":\"corvim.com.ar\"},\"image\":{\"@id\":\"https:\\\/\\\/corvim.com.ar\\\/#\\\/schema\\\/logo\\\/image\\\/\"}}]}<\/script>\n<!-- \/ Yoast SEO plugin. -->","yoast_head_json":{"title":"LATEX ALBA EXTERIOR ALBAFRENT - corvim.com.ar","robots":{"index":"index","follow":"follow","max-snippet":"max-snippet:-1","max-image-preview":"max-image-preview:large","max-video-preview":"max-video-preview:-1"},"canonical":"https:\/\/corvim.com.ar\/index.php\/product\/albafrent-frentes-y-muros-latex-exterior-alba-x-1-4-10-y-20-lts\/","og_locale":"es_ES","og_type":"article","og_title":"LATEX ALBA EXTERIOR ALBAFRENT - corvim.com.ar","og_description":"Impermeabilizante para Exteriores Mate. De buena elasticidad y protecci\u00f3n impermeabilizante. Excelente poder cubritivo e integridad de pel\u00edcula. Presentaci\u00f3n:\u00a0 4, 10 y 20 lts. Color blanco y tonalidades pasteles del sistema tintom\u00e9trico.","og_url":"https:\/\/corvim.com.ar\/index.php\/product\/albafrent-frentes-y-muros-latex-exterior-alba-x-1-4-10-y-20-lts\/","og_site_name":"corvim.com.ar","article_modified_time":"2025-09-18T14:46:31+00:00","og_image":[{"width":500,"height":333,"url":"http:\/\/corvim.com.ar\/wp-content\/uploads\/2021\/11\/albrafrent-grisPhotoroom-58.jpg","type":"image\/jpeg"}],"twitter_card":"summary_large_image","twitter_misc":{"Tiempo de lectura":"1 minuto"},"schema":{"@context":"https:\/\/schema.org","@graph":[{"@type":"WebPage","@id":"https:\/\/corvim.com.ar\/index.php\/product\/albafrent-frentes-y-muros-latex-exterior-alba-x-1-4-10-y-20-lts\/","url":"https:\/\/corvim.com.ar\/index.php\/product\/albafrent-frentes-y-muros-latex-exterior-alba-x-1-4-10-y-20-lts\/","name":"LATEX ALBA EXTERIOR ALBAFRENT - corvim.com.ar","isPartOf":{"@id":"https:\/\/corvim.com.ar\/#website"},"primaryImageOfPage":{"@id":"https:\/\/corvim.com.ar\/index.php\/product\/albafrent-frentes-y-muros-latex-exterior-alba-x-1-4-10-y-20-lts\/#primaryimage"},"image":{"@id":"https:\/\/corvim.com.ar\/index.php\/product\/albafrent-frentes-y-muros-latex-exterior-alba-x-1-4-10-y-20-lts\/#primaryimage"},"thumbnailUrl":"https:\/\/corvim.com.ar\/wp-content\/uploads\/2021\/11\/albrafrent-grisPhotoroom-58.jpg","datePublished":"2021-11-24T18:12:35+00:00","dateModified":"2025-09-18T14:46:31+00:00","breadcrumb":{"@id":"https:\/\/corvim.com.ar\/index.php\/product\/albafrent-frentes-y-muros-latex-exterior-alba-x-1-4-10-y-20-lts\/#breadcrumb"},"inLanguage":"es","potentialAction":[{"@type":"ReadAction","target":["https:\/\/corvim.com.ar\/index.php\/product\/albafrent-frentes-y-muros-latex-exterior-alba-x-1-4-10-y-20-lts\/"]}]},{"@type":"ImageObject","inLanguage":"es","@id":"https:\/\/corvim.com.ar\/index.php\/product\/albafrent-frentes-y-muros-latex-exterior-alba-x-1-4-10-y-20-lts\/#primaryimage","url":"https:\/\/corvim.com.ar\/wp-content\/uploads\/2021\/11\/albrafrent-grisPhotoroom-58.jpg","contentUrl":"https:\/\/corvim.com.ar\/wp-content\/uploads\/2021\/11\/albrafrent-grisPhotoroom-58.jpg","width":500,"height":333},{"@type":"BreadcrumbList","@id":"https:\/\/corvim.com.ar\/index.php\/product\/albafrent-frentes-y-muros-latex-exterior-alba-x-1-4-10-y-20-lts\/#breadcrumb","itemListElement":[{"@type":"ListItem","position":1,"name":"Portada","item":"https:\/\/corvim.com.ar\/"},{"@type":"ListItem","position":2,"name":"Productos","item":"https:\/\/corvim.com.ar\/index.php\/shop\/"},{"@type":"ListItem","position":3,"name":"LATEX ALBA EXTERIOR ALBAFRENT"}]},{"@type":"WebSite","@id":"https:\/\/corvim.com.ar\/#website","url":"https:\/\/corvim.com.ar\/","name":"corvim.com.ar","description":"","publisher":{"@id":"https:\/\/corvim.com.ar\/#organization"},"potentialAction":[{"@type":"SearchAction","target":{"@type":"EntryPoint","urlTemplate":"https:\/\/corvim.com.ar\/?s={search_term_string}"},"query-input":{"@type":"PropertyValueSpecification","valueRequired":true,"valueName":"search_term_string"}}],"inLanguage":"es"},{"@type":"Organization","@id":"https:\/\/corvim.com.ar\/#organization","name":"corvim.com.ar","url":"https:\/\/corvim.com.ar\/","logo":{"@type":"ImageObject","inLanguage":"es","@id":"https:\/\/corvim.com.ar\/#\/schema\/logo\/image\/","url":"https:\/\/corvim.com.ar\/wp-content\/uploads\/2025\/06\/cropped-logo-corvim.jpg","contentUrl":"https:\/\/corvim.com.ar\/wp-content\/uploads\/2025\/06\/cropped-logo-corvim.jpg","width":165,"height":84,"caption":"corvim.com.ar"},"image":{"@id":"https:\/\/corvim.com.ar\/#\/schema\/logo\/image\/"}}]}},"_links":{"self":[{"href":"https:\/\/corvim.com.ar\/index.php\/wp-json\/wp\/v2\/product\/1087","targetHints":{"allow":["GET"]}}],"collection":[{"href":"https:\/\/corvim.com.ar\/index.php\/wp-json\/wp\/v2\/product"}],"about":[{"href":"https:\/\/corvim.com.ar\/index.php\/wp-json\/wp\/v2\/types\/product"}],"version-history":[{"count":6,"href":"https:\/\/corvim.com.ar\/index.php\/wp-json\/wp\/v2\/product\/1087\/revisions"}],"predecessor-version":[{"id":3481,"href":"https:\/\/corvim.com.ar\/index.php\/wp-json\/wp\/v2\/product\/1087\/revisions\/3481"}],"wp:featuredmedia":[{"embeddable":true,"href":"https:\/\/corvim.com.ar\/index.php\/wp-json\/wp\/v2\/media\/2732"}],"wp:attachment":[{"href":"https:\/\/corvim.com.ar\/index.php\/wp-json\/wp\/v2\/media?parent=1087"}],"wp:term":[{"taxonomy":"product_brand","embeddable":true,"href":"https:\/\/corvim.com.ar\/index.php\/wp-json\/wp\/v2\/product_brand?post=1087"},{"taxonomy":"product_cat","embeddable":true,"href":"https:\/\/corvim.com.ar\/index.php\/wp-json\/wp\/v2\/product_cat?post=1087"},{"taxonomy":"product_tag","embeddable":true,"href":"https:\/\/corvim.com.ar\/index.php\/wp-json\/wp\/v2\/product_tag?post=1087"}],"curies":[{"name":"wp","href":"https:\/\/api.w.org\/{rel}","templated":true}]}}