{"id":1073,"date":"2021-11-24T13:36:29","date_gmt":"2021-11-24T16:36:29","guid":{"rendered":"https:\/\/corvim.com.ar\/?post_type=product&#038;p=1073"},"modified":"2025-09-16T11:10:08","modified_gmt":"2025-09-16T14:10:08","slug":"recublock-antihumedad-x-1-y-x-4-lts-sinteplast","status":"publish","type":"product","link":"https:\/\/corvim.com.ar\/index.php\/product\/recublock-antihumedad-x-1-y-x-4-lts-sinteplast\/","title":{"rendered":"RECUBLOCK ANTIHUMEDAD  SINTEPLAST"},"content":{"rendered":"","protected":false},"excerpt":{"rendered":"<p>Pintura de color blanco mate, formulada espec\u00edficamente para bloquear la humedad ocluida en las paredes,\u00a0 inhibiendo la aparici\u00f3n de sus s\u00edntomas sobre la superficie (manchas, hongos, salitre). Se puede aplicar sobre paredes nuevas reci\u00e9n terminadas y tambi\u00e9n en repintados, sin la necesidad de aplicar fijador. Por su r\u00e1pido secado y gran lavabilidad esta especialmente indicada para ambientes muy transitados, para habitaciones de ni\u00f1os y lugares de alta concurrencia de p\u00fablico. De uso interior y exterior. Presentaci\u00f3n: 1 y\u00a0 4\u00a0 lts.<\/p>\n<p>&nbsp;<\/p>\n","protected":false},"featured_media":3000,"template":"","meta":[],"product_brand":[],"product_cat":[26,34],"product_tag":[81],"class_list":{"0":"post-1073","1":"product","2":"type-product","3":"status-publish","4":"has-post-thumbnail","6":"product_cat-latex","7":"product_cat-techos","8":"product_tag-sinteplast","10":"first","11":"instock","12":"shipping-taxable","13":"purchasable","14":"product-type-variable"},"aioseo_notices":[],"yoast_head":"<!-- This site is optimized with the Yoast SEO plugin v27.5 - https:\/\/yoast.com\/product\/yoast-seo-wordpress\/ -->\n<title>RECUBLOCK ANTIHUMEDAD SINTEPLAST - corvim.com.ar<\/title>\n<meta name=\"robots\" content=\"index, follow, max-snippet:-1, max-image-preview:large, max-video-preview:-1\" \/>\n<link rel=\"canonical\" href=\"https:\/\/corvim.com.ar\/index.php\/product\/recublock-antihumedad-x-1-y-x-4-lts-sinteplast\/\" \/>\n<meta property=\"og:locale\" content=\"es_ES\" \/>\n<meta property=\"og:type\" content=\"article\" \/>\n<meta property=\"og:title\" content=\"RECUBLOCK ANTIHUMEDAD SINTEPLAST - corvim.com.ar\" \/>\n<meta property=\"og:description\" content=\"Pintura de color blanco mate, formulada espec\u00edficamente para bloquear la humedad ocluida en las paredes,\u00a0 inhibiendo la aparici\u00f3n de sus s\u00edntomas sobre la superficie (manchas, hongos, salitre). Se puede aplicar sobre paredes nuevas reci\u00e9n terminadas y tambi\u00e9n en repintados, sin la necesidad de aplicar fijador. Por su r\u00e1pido secado y gran lavabilidad esta especialmente indicada para ambientes muy transitados, para habitaciones de ni\u00f1os y lugares de alta concurrencia de p\u00fablico. De uso interior y exterior. Presentaci\u00f3n: 1 y\u00a0 4\u00a0 lts.  &nbsp;\" \/>\n<meta property=\"og:url\" content=\"https:\/\/corvim.com.ar\/index.php\/product\/recublock-antihumedad-x-1-y-x-4-lts-sinteplast\/\" \/>\n<meta property=\"og:site_name\" content=\"corvim.com.ar\" \/>\n<meta property=\"article:modified_time\" content=\"2025-09-16T14:10:08+00:00\" \/>\n<meta property=\"og:image\" content=\"http:\/\/corvim.com.ar\/wp-content\/uploads\/2021\/11\/Recublock-anihumedadPhotoroom-98.jpg\" \/>\n\t<meta property=\"og:image:width\" content=\"600\" \/>\n\t<meta property=\"og:image:height\" content=\"592\" \/>\n\t<meta property=\"og:image:type\" content=\"image\/jpeg\" \/>\n<meta name=\"twitter:card\" content=\"summary_large_image\" \/>\n<meta name=\"twitter:label1\" content=\"Tiempo de lectura\" \/>\n\t<meta name=\"twitter:data1\" content=\"1 minuto\" \/>\n<script type=\"application\/ld+json\" class=\"yoast-schema-graph\">{\"@context\":\"https:\\\/\\\/schema.org\",\"@graph\":[{\"@type\":\"WebPage\",\"@id\":\"https:\\\/\\\/corvim.com.ar\\\/index.php\\\/product\\\/recublock-antihumedad-x-1-y-x-4-lts-sinteplast\\\/\",\"url\":\"https:\\\/\\\/corvim.com.ar\\\/index.php\\\/product\\\/recublock-antihumedad-x-1-y-x-4-lts-sinteplast\\\/\",\"name\":\"RECUBLOCK ANTIHUMEDAD SINTEPLAST - corvim.com.ar\",\"isPartOf\":{\"@id\":\"https:\\\/\\\/corvim.com.ar\\\/#website\"},\"primaryImageOfPage\":{\"@id\":\"https:\\\/\\\/corvim.com.ar\\\/index.php\\\/product\\\/recublock-antihumedad-x-1-y-x-4-lts-sinteplast\\\/#primaryimage\"},\"image\":{\"@id\":\"https:\\\/\\\/corvim.com.ar\\\/index.php\\\/product\\\/recublock-antihumedad-x-1-y-x-4-lts-sinteplast\\\/#primaryimage\"},\"thumbnailUrl\":\"https:\\\/\\\/corvim.com.ar\\\/wp-content\\\/uploads\\\/2021\\\/11\\\/Recublock-anihumedadPhotoroom-98.jpg\",\"datePublished\":\"2021-11-24T16:36:29+00:00\",\"dateModified\":\"2025-09-16T14:10:08+00:00\",\"breadcrumb\":{\"@id\":\"https:\\\/\\\/corvim.com.ar\\\/index.php\\\/product\\\/recublock-antihumedad-x-1-y-x-4-lts-sinteplast\\\/#breadcrumb\"},\"inLanguage\":\"es\",\"potentialAction\":[{\"@type\":\"ReadAction\",\"target\":[\"https:\\\/\\\/corvim.com.ar\\\/index.php\\\/product\\\/recublock-antihumedad-x-1-y-x-4-lts-sinteplast\\\/\"]}]},{\"@type\":\"ImageObject\",\"inLanguage\":\"es\",\"@id\":\"https:\\\/\\\/corvim.com.ar\\\/index.php\\\/product\\\/recublock-antihumedad-x-1-y-x-4-lts-sinteplast\\\/#primaryimage\",\"url\":\"https:\\\/\\\/corvim.com.ar\\\/wp-content\\\/uploads\\\/2021\\\/11\\\/Recublock-anihumedadPhotoroom-98.jpg\",\"contentUrl\":\"https:\\\/\\\/corvim.com.ar\\\/wp-content\\\/uploads\\\/2021\\\/11\\\/Recublock-anihumedadPhotoroom-98.jpg\",\"width\":600,\"height\":592},{\"@type\":\"BreadcrumbList\",\"@id\":\"https:\\\/\\\/corvim.com.ar\\\/index.php\\\/product\\\/recublock-antihumedad-x-1-y-x-4-lts-sinteplast\\\/#breadcrumb\",\"itemListElement\":[{\"@type\":\"ListItem\",\"position\":1,\"name\":\"Portada\",\"item\":\"https:\\\/\\\/corvim.com.ar\\\/\"},{\"@type\":\"ListItem\",\"position\":2,\"name\":\"Productos\",\"item\":\"https:\\\/\\\/corvim.com.ar\\\/index.php\\\/shop\\\/\"},{\"@type\":\"ListItem\",\"position\":3,\"name\":\"RECUBLOCK ANTIHUMEDAD SINTEPLAST\"}]},{\"@type\":\"WebSite\",\"@id\":\"https:\\\/\\\/corvim.com.ar\\\/#website\",\"url\":\"https:\\\/\\\/corvim.com.ar\\\/\",\"name\":\"corvim.com.ar\",\"description\":\"\",\"publisher\":{\"@id\":\"https:\\\/\\\/corvim.com.ar\\\/#organization\"},\"potentialAction\":[{\"@type\":\"SearchAction\",\"target\":{\"@type\":\"EntryPoint\",\"urlTemplate\":\"https:\\\/\\\/corvim.com.ar\\\/?s={search_term_string}\"},\"query-input\":{\"@type\":\"PropertyValueSpecification\",\"valueRequired\":true,\"valueName\":\"search_term_string\"}}],\"inLanguage\":\"es\"},{\"@type\":\"Organization\",\"@id\":\"https:\\\/\\\/corvim.com.ar\\\/#organization\",\"name\":\"corvim.com.ar\",\"url\":\"https:\\\/\\\/corvim.com.ar\\\/\",\"logo\":{\"@type\":\"ImageObject\",\"inLanguage\":\"es\",\"@id\":\"https:\\\/\\\/corvim.com.ar\\\/#\\\/schema\\\/logo\\\/image\\\/\",\"url\":\"https:\\\/\\\/corvim.com.ar\\\/wp-content\\\/uploads\\\/2025\\\/06\\\/cropped-logo-corvim.jpg\",\"contentUrl\":\"https:\\\/\\\/corvim.com.ar\\\/wp-content\\\/uploads\\\/2025\\\/06\\\/cropped-logo-corvim.jpg\",\"width\":165,\"height\":84,\"caption\":\"corvim.com.ar\"},\"image\":{\"@id\":\"https:\\\/\\\/corvim.com.ar\\\/#\\\/schema\\\/logo\\\/image\\\/\"}}]}<\/script>\n<!-- \/ Yoast SEO plugin. -->","yoast_head_json":{"title":"RECUBLOCK ANTIHUMEDAD SINTEPLAST - corvim.com.ar","robots":{"index":"index","follow":"follow","max-snippet":"max-snippet:-1","max-image-preview":"max-image-preview:large","max-video-preview":"max-video-preview:-1"},"canonical":"https:\/\/corvim.com.ar\/index.php\/product\/recublock-antihumedad-x-1-y-x-4-lts-sinteplast\/","og_locale":"es_ES","og_type":"article","og_title":"RECUBLOCK ANTIHUMEDAD SINTEPLAST - corvim.com.ar","og_description":"Pintura de color blanco mate, formulada espec\u00edficamente para bloquear la humedad ocluida en las paredes,\u00a0 inhibiendo la aparici\u00f3n de sus s\u00edntomas sobre la superficie (manchas, hongos, salitre). Se puede aplicar sobre paredes nuevas reci\u00e9n terminadas y tambi\u00e9n en repintados, sin la necesidad de aplicar fijador. Por su r\u00e1pido secado y gran lavabilidad esta especialmente indicada para ambientes muy transitados, para habitaciones de ni\u00f1os y lugares de alta concurrencia de p\u00fablico. De uso interior y exterior. Presentaci\u00f3n: 1 y\u00a0 4\u00a0 lts.  &nbsp;","og_url":"https:\/\/corvim.com.ar\/index.php\/product\/recublock-antihumedad-x-1-y-x-4-lts-sinteplast\/","og_site_name":"corvim.com.ar","article_modified_time":"2025-09-16T14:10:08+00:00","og_image":[{"width":600,"height":592,"url":"http:\/\/corvim.com.ar\/wp-content\/uploads\/2021\/11\/Recublock-anihumedadPhotoroom-98.jpg","type":"image\/jpeg"}],"twitter_card":"summary_large_image","twitter_misc":{"Tiempo de lectura":"1 minuto"},"schema":{"@context":"https:\/\/schema.org","@graph":[{"@type":"WebPage","@id":"https:\/\/corvim.com.ar\/index.php\/product\/recublock-antihumedad-x-1-y-x-4-lts-sinteplast\/","url":"https:\/\/corvim.com.ar\/index.php\/product\/recublock-antihumedad-x-1-y-x-4-lts-sinteplast\/","name":"RECUBLOCK ANTIHUMEDAD SINTEPLAST - corvim.com.ar","isPartOf":{"@id":"https:\/\/corvim.com.ar\/#website"},"primaryImageOfPage":{"@id":"https:\/\/corvim.com.ar\/index.php\/product\/recublock-antihumedad-x-1-y-x-4-lts-sinteplast\/#primaryimage"},"image":{"@id":"https:\/\/corvim.com.ar\/index.php\/product\/recublock-antihumedad-x-1-y-x-4-lts-sinteplast\/#primaryimage"},"thumbnailUrl":"https:\/\/corvim.com.ar\/wp-content\/uploads\/2021\/11\/Recublock-anihumedadPhotoroom-98.jpg","datePublished":"2021-11-24T16:36:29+00:00","dateModified":"2025-09-16T14:10:08+00:00","breadcrumb":{"@id":"https:\/\/corvim.com.ar\/index.php\/product\/recublock-antihumedad-x-1-y-x-4-lts-sinteplast\/#breadcrumb"},"inLanguage":"es","potentialAction":[{"@type":"ReadAction","target":["https:\/\/corvim.com.ar\/index.php\/product\/recublock-antihumedad-x-1-y-x-4-lts-sinteplast\/"]}]},{"@type":"ImageObject","inLanguage":"es","@id":"https:\/\/corvim.com.ar\/index.php\/product\/recublock-antihumedad-x-1-y-x-4-lts-sinteplast\/#primaryimage","url":"https:\/\/corvim.com.ar\/wp-content\/uploads\/2021\/11\/Recublock-anihumedadPhotoroom-98.jpg","contentUrl":"https:\/\/corvim.com.ar\/wp-content\/uploads\/2021\/11\/Recublock-anihumedadPhotoroom-98.jpg","width":600,"height":592},{"@type":"BreadcrumbList","@id":"https:\/\/corvim.com.ar\/index.php\/product\/recublock-antihumedad-x-1-y-x-4-lts-sinteplast\/#breadcrumb","itemListElement":[{"@type":"ListItem","position":1,"name":"Portada","item":"https:\/\/corvim.com.ar\/"},{"@type":"ListItem","position":2,"name":"Productos","item":"https:\/\/corvim.com.ar\/index.php\/shop\/"},{"@type":"ListItem","position":3,"name":"RECUBLOCK ANTIHUMEDAD SINTEPLAST"}]},{"@type":"WebSite","@id":"https:\/\/corvim.com.ar\/#website","url":"https:\/\/corvim.com.ar\/","name":"corvim.com.ar","description":"","publisher":{"@id":"https:\/\/corvim.com.ar\/#organization"},"potentialAction":[{"@type":"SearchAction","target":{"@type":"EntryPoint","urlTemplate":"https:\/\/corvim.com.ar\/?s={search_term_string}"},"query-input":{"@type":"PropertyValueSpecification","valueRequired":true,"valueName":"search_term_string"}}],"inLanguage":"es"},{"@type":"Organization","@id":"https:\/\/corvim.com.ar\/#organization","name":"corvim.com.ar","url":"https:\/\/corvim.com.ar\/","logo":{"@type":"ImageObject","inLanguage":"es","@id":"https:\/\/corvim.com.ar\/#\/schema\/logo\/image\/","url":"https:\/\/corvim.com.ar\/wp-content\/uploads\/2025\/06\/cropped-logo-corvim.jpg","contentUrl":"https:\/\/corvim.com.ar\/wp-content\/uploads\/2025\/06\/cropped-logo-corvim.jpg","width":165,"height":84,"caption":"corvim.com.ar"},"image":{"@id":"https:\/\/corvim.com.ar\/#\/schema\/logo\/image\/"}}]}},"_links":{"self":[{"href":"https:\/\/corvim.com.ar\/index.php\/wp-json\/wp\/v2\/product\/1073","targetHints":{"allow":["GET"]}}],"collection":[{"href":"https:\/\/corvim.com.ar\/index.php\/wp-json\/wp\/v2\/product"}],"about":[{"href":"https:\/\/corvim.com.ar\/index.php\/wp-json\/wp\/v2\/types\/product"}],"version-history":[{"count":3,"href":"https:\/\/corvim.com.ar\/index.php\/wp-json\/wp\/v2\/product\/1073\/revisions"}],"predecessor-version":[{"id":3078,"href":"https:\/\/corvim.com.ar\/index.php\/wp-json\/wp\/v2\/product\/1073\/revisions\/3078"}],"wp:featuredmedia":[{"embeddable":true,"href":"https:\/\/corvim.com.ar\/index.php\/wp-json\/wp\/v2\/media\/3000"}],"wp:attachment":[{"href":"https:\/\/corvim.com.ar\/index.php\/wp-json\/wp\/v2\/media?parent=1073"}],"wp:term":[{"taxonomy":"product_brand","embeddable":true,"href":"https:\/\/corvim.com.ar\/index.php\/wp-json\/wp\/v2\/product_brand?post=1073"},{"taxonomy":"product_cat","embeddable":true,"href":"https:\/\/corvim.com.ar\/index.php\/wp-json\/wp\/v2\/product_cat?post=1073"},{"taxonomy":"product_tag","embeddable":true,"href":"https:\/\/corvim.com.ar\/index.php\/wp-json\/wp\/v2\/product_tag?post=1073"}],"curies":[{"name":"wp","href":"https:\/\/api.w.org\/{rel}","templated":true}]}}